{"id":31,"date":"2020-09-22T17:21:33","date_gmt":"2020-09-22T20:21:33","guid":{"rendered":"http:\/\/cajubrasil.com\/franquiadigital\/?page_id=31"},"modified":"2020-09-28T17:04:47","modified_gmt":"2020-09-28T20:04:47","slug":"faq","status":"publish","type":"page","link":"http:\/\/cajubrasil.com\/franquiadigital\/faq\/","title":{"rendered":"FAQ"},"content":{"rendered":"\t\t<div data-elementor-type=\"wp-page\" data-elementor-id=\"31\" class=\"elementor elementor-31\">\n\t\t\t\t\t\t<section class=\"elementor-section elementor-top-section elementor-element elementor-element-7c9ca9b elementor-section-boxed elementor-section-height-default elementor-section-height-default\" data-id=\"7c9ca9b\" data-element_type=\"section\" data-e-type=\"section\">\n\t\t\t\t\t\t<div class=\"elementor-container elementor-column-gap-default\">\n\t\t\t\t\t<div class=\"elementor-column elementor-col-100 elementor-top-column elementor-element elementor-element-4d0be00\" data-id=\"4d0be00\" data-element_type=\"column\" data-e-type=\"column\">\n\t\t\t<div class=\"elementor-widget-wrap elementor-element-populated\">\n\t\t\t\t\t\t<div class=\"elementor-element elementor-element-e7b66fa elementor-widget elementor-widget-spacer\" data-id=\"e7b66fa\" data-element_type=\"widget\" data-e-type=\"widget\" data-widget_type=\"spacer.default\">\n\t\t\t\t<div class=\"elementor-widget-container\">\n\t\t\t\t\t\t\t<div class=\"elementor-spacer\">\n\t\t\t<div class=\"elementor-spacer-inner\"><\/div>\n\t\t<\/div>\n\t\t\t\t\t\t<\/div>\n\t\t\t\t<\/div>\n\t\t\t\t\t<\/div>\n\t\t<\/div>\n\t\t\t\t\t<\/div>\n\t\t<\/section>\n\t\t\t\t<section class=\"elementor-section elementor-top-section elementor-element elementor-element-dbb50f3 elementor-section-boxed elementor-section-height-default elementor-section-height-default\" data-id=\"dbb50f3\" data-element_type=\"section\" data-e-type=\"section\">\n\t\t\t\t\t\t<div class=\"elementor-container elementor-column-gap-default\">\n\t\t\t\t\t<div class=\"elementor-column elementor-col-100 elementor-top-column elementor-element elementor-element-2d3ea17\" data-id=\"2d3ea17\" data-element_type=\"column\" data-e-type=\"column\">\n\t\t\t<div class=\"elementor-widget-wrap elementor-element-populated\">\n\t\t\t\t\t\t<div class=\"elementor-element elementor-element-c732746 elementor-widget elementor-widget-heading\" data-id=\"c732746\" data-element_type=\"widget\" data-e-type=\"widget\" data-widget_type=\"heading.default\">\n\t\t\t\t<div class=\"elementor-widget-container\">\n\t\t\t\t\t<h2 class=\"elementor-heading-title elementor-size-default\">D\u00favidas Frequentes<\/h2>\t\t\t\t<\/div>\n\t\t\t\t<\/div>\n\t\t\t\t\t<\/div>\n\t\t<\/div>\n\t\t\t\t\t<\/div>\n\t\t<\/section>\n\t\t\t\t<section class=\"elementor-section elementor-top-section elementor-element elementor-element-a5f77a9 elementor-section-boxed elementor-section-height-default elementor-section-height-default\" data-id=\"a5f77a9\" data-element_type=\"section\" data-e-type=\"section\">\n\t\t\t\t\t\t<div class=\"elementor-container elementor-column-gap-default\">\n\t\t\t\t\t<div class=\"elementor-column elementor-col-100 elementor-top-column elementor-element elementor-element-147e46e\" data-id=\"147e46e\" data-element_type=\"column\" data-e-type=\"column\">\n\t\t\t<div class=\"elementor-widget-wrap\">\n\t\t\t\t\t\t\t<\/div>\n\t\t<\/div>\n\t\t\t\t\t<\/div>\n\t\t<\/section>\n\t\t\t\t<section class=\"elementor-section elementor-top-section elementor-element elementor-element-15d1634 elementor-section-boxed elementor-section-height-default elementor-section-height-default\" data-id=\"15d1634\" data-element_type=\"section\" data-e-type=\"section\">\n\t\t\t\t\t\t<div class=\"elementor-container elementor-column-gap-default\">\n\t\t\t\t\t<div class=\"elementor-column elementor-col-100 elementor-top-column elementor-element elementor-element-3a71aa7\" data-id=\"3a71aa7\" data-element_type=\"column\" data-e-type=\"column\">\n\t\t\t<div class=\"elementor-widget-wrap elementor-element-populated\">\n\t\t\t\t\t\t<div class=\"elementor-element elementor-element-ba659b2 elementor-widget elementor-widget-accordion\" data-id=\"ba659b2\" data-element_type=\"widget\" data-e-type=\"widget\" data-widget_type=\"accordion.default\">\n\t\t\t\t<div class=\"elementor-widget-container\">\n\t\t\t\t\t\t\t<div class=\"elementor-accordion\">\n\t\t\t\t\t\t\t<div class=\"elementor-accordion-item\">\n\t\t\t\t\t<div id=\"elementor-tab-title-1951\" class=\"elementor-tab-title\" data-tab=\"1\" role=\"button\" aria-controls=\"elementor-tab-content-1951\" aria-expanded=\"false\">\n\t\t\t\t\t\t\t\t\t\t\t\t\t<span class=\"elementor-accordion-icon elementor-accordion-icon-left\" aria-hidden=\"true\">\n\t\t\t\t\t\t\t\t\t\t\t\t\t\t\t<span class=\"elementor-accordion-icon-closed\"><i class=\"fas fa-plus\"><\/i><\/span>\n\t\t\t\t\t\t\t\t<span class=\"elementor-accordion-icon-opened\"><i class=\"fas fa-minus\"><\/i><\/span>\n\t\t\t\t\t\t\t\t\t\t\t\t\t\t<\/span>\n\t\t\t\t\t\t\t\t\t\t\t\t<a class=\"elementor-accordion-title\" tabindex=\"0\">O que \u00e9 a Franquia Digital CAJUBRASIL?<\/a>\n\t\t\t\t\t<\/div>\n\t\t\t\t\t<div id=\"elementor-tab-content-1951\" class=\"elementor-tab-content elementor-clearfix\" data-tab=\"1\" role=\"region\" aria-labelledby=\"elementor-tab-title-1951\"><p>A Franquia Digital CAJUBRASIL \u00e9 mais um canal de vendas dispon\u00edvel para os lojistas conquistarem novos clientes e novas vendas. Atrav\u00e9s de uma loja virtual personalizada, com link exclusivo, o lojista poder\u00e1 oferecer ao seu cliente todos os produtos dispon\u00edveis no estoque do site oficial da CAJUBRASIL. Al\u00e9m disso, ter\u00e1 todo o conhecimento, suporte, ferramentas e log\u00edstica do time de e-commerce da CAJUBRASIL, em uma loja totalmente personalizada com imagens e links de contato do seu pr\u00f3prio neg\u00f3cio.<br \/>Agora voc\u00ea pode ter um e-commerce pr\u00f3prio sem todo o investimento, tempo e conhecimento t\u00e9cnico exigido para tal.<br \/>Agora voc\u00ea pode ter um e-commerce sem todo o investimento, tempo e conhecimento t\u00e9cnico exigido para tal.<\/p><\/div>\n\t\t\t\t<\/div>\n\t\t\t\t\t\t\t<div class=\"elementor-accordion-item\">\n\t\t\t\t\t<div id=\"elementor-tab-title-1952\" class=\"elementor-tab-title\" data-tab=\"2\" role=\"button\" aria-controls=\"elementor-tab-content-1952\" aria-expanded=\"false\">\n\t\t\t\t\t\t\t\t\t\t\t\t\t<span class=\"elementor-accordion-icon elementor-accordion-icon-left\" aria-hidden=\"true\">\n\t\t\t\t\t\t\t\t\t\t\t\t\t\t\t<span class=\"elementor-accordion-icon-closed\"><i class=\"fas fa-plus\"><\/i><\/span>\n\t\t\t\t\t\t\t\t<span class=\"elementor-accordion-icon-opened\"><i class=\"fas fa-minus\"><\/i><\/span>\n\t\t\t\t\t\t\t\t\t\t\t\t\t\t<\/span>\n\t\t\t\t\t\t\t\t\t\t\t\t<a class=\"elementor-accordion-title\" tabindex=\"0\">Como funciona a Franquia Digital?<\/a>\n\t\t\t\t\t<\/div>\n\t\t\t\t\t<div id=\"elementor-tab-content-1952\" class=\"elementor-tab-content elementor-clearfix\" data-tab=\"2\" role=\"region\" aria-labelledby=\"elementor-tab-title-1952\"><p>Primeiro de tudo, voc\u00ea deve realizar o seu cadastro aqui (inserir link da p\u00e1gina de cadastro). Depois de cadastrado, ser\u00e1 criado um painel de controle onde o lojista poder\u00e1 acompanhar as vendas di\u00e1rias da sua loja virtual, visualizar as comiss\u00f5es de cada compra e todas as transa\u00e7\u00f5es financeiras.<\/p><\/div>\n\t\t\t\t<\/div>\n\t\t\t\t\t\t\t<div class=\"elementor-accordion-item\">\n\t\t\t\t\t<div id=\"elementor-tab-title-1953\" class=\"elementor-tab-title\" data-tab=\"3\" role=\"button\" aria-controls=\"elementor-tab-content-1953\" aria-expanded=\"false\">\n\t\t\t\t\t\t\t\t\t\t\t\t\t<span class=\"elementor-accordion-icon elementor-accordion-icon-left\" aria-hidden=\"true\">\n\t\t\t\t\t\t\t\t\t\t\t\t\t\t\t<span class=\"elementor-accordion-icon-closed\"><i class=\"fas fa-plus\"><\/i><\/span>\n\t\t\t\t\t\t\t\t<span class=\"elementor-accordion-icon-opened\"><i class=\"fas fa-minus\"><\/i><\/span>\n\t\t\t\t\t\t\t\t\t\t\t\t\t\t<\/span>\n\t\t\t\t\t\t\t\t\t\t\t\t<a class=\"elementor-accordion-title\" tabindex=\"0\">Como fa\u00e7o para vender atrav\u00e9s da minha Franquia Digital?<\/a>\n\t\t\t\t\t<\/div>\n\t\t\t\t\t<div id=\"elementor-tab-content-1953\" class=\"elementor-tab-content elementor-clearfix\" data-tab=\"3\" role=\"region\" aria-labelledby=\"elementor-tab-title-1953\"><p>Tudo que voc\u00ea precisa fazer \u00e9 divulgar o link da sua Franquia Digital CAJUBRASIL para seus clientes. Voc\u00ea pode fazer isso nas suas redes sociais, com impulsionamento digital, em grupos do Facebook ou WhatsApp, etc. Voc\u00ea \u00e9 respons\u00e1vel pela divulga\u00e7\u00e3o e vendas da sua Franquia Digital CAJUBRASIL.<\/p><\/div>\n\t\t\t\t<\/div>\n\t\t\t\t\t\t\t<div class=\"elementor-accordion-item\">\n\t\t\t\t\t<div id=\"elementor-tab-title-1954\" class=\"elementor-tab-title\" data-tab=\"4\" role=\"button\" aria-controls=\"elementor-tab-content-1954\" aria-expanded=\"false\">\n\t\t\t\t\t\t\t\t\t\t\t\t\t<span class=\"elementor-accordion-icon elementor-accordion-icon-left\" aria-hidden=\"true\">\n\t\t\t\t\t\t\t\t\t\t\t\t\t\t\t<span class=\"elementor-accordion-icon-closed\"><i class=\"fas fa-plus\"><\/i><\/span>\n\t\t\t\t\t\t\t\t<span class=\"elementor-accordion-icon-opened\"><i class=\"fas fa-minus\"><\/i><\/span>\n\t\t\t\t\t\t\t\t\t\t\t\t\t\t<\/span>\n\t\t\t\t\t\t\t\t\t\t\t\t<a class=\"elementor-accordion-title\" tabindex=\"0\">Como eu consigo controlar meus pedidos da Franquia Digital?<\/a>\n\t\t\t\t\t<\/div>\n\t\t\t\t\t<div id=\"elementor-tab-content-1954\" class=\"elementor-tab-content elementor-clearfix\" data-tab=\"4\" role=\"region\" aria-labelledby=\"elementor-tab-title-1954\"><p>Ap\u00f3s o cadastro, ser\u00e1 enviado ao seu e-mail as informa\u00e7\u00f5es para voc\u00ea acessar o Painel de Controle da sua Franquia Digital. Neste painel voc\u00ea ter\u00e1 todos os dados de compras dos usu\u00e1rios, assim como os valores do pedido e da sua comiss\u00e3o.<\/p><\/div>\n\t\t\t\t<\/div>\n\t\t\t\t\t\t\t<div class=\"elementor-accordion-item\">\n\t\t\t\t\t<div id=\"elementor-tab-title-1955\" class=\"elementor-tab-title\" data-tab=\"5\" role=\"button\" aria-controls=\"elementor-tab-content-1955\" aria-expanded=\"false\">\n\t\t\t\t\t\t\t\t\t\t\t\t\t<span class=\"elementor-accordion-icon elementor-accordion-icon-left\" aria-hidden=\"true\">\n\t\t\t\t\t\t\t\t\t\t\t\t\t\t\t<span class=\"elementor-accordion-icon-closed\"><i class=\"fas fa-plus\"><\/i><\/span>\n\t\t\t\t\t\t\t\t<span class=\"elementor-accordion-icon-opened\"><i class=\"fas fa-minus\"><\/i><\/span>\n\t\t\t\t\t\t\t\t\t\t\t\t\t\t<\/span>\n\t\t\t\t\t\t\t\t\t\t\t\t<a class=\"elementor-accordion-title\" tabindex=\"0\">Como funcionam as comiss\u00f5es da Franquia Digital?<\/a>\n\t\t\t\t\t<\/div>\n\t\t\t\t\t<div id=\"elementor-tab-content-1955\" class=\"elementor-tab-content elementor-clearfix\" data-tab=\"5\" role=\"region\" aria-labelledby=\"elementor-tab-title-1955\"><p>Voc\u00ea recebe comiss\u00e3o de 25% pedido realizado e faturado dentro da sua loja virtual todo 5\u00ba dia \u00fatil do m\u00eas subsequente.<\/p><\/div>\n\t\t\t\t<\/div>\n\t\t\t\t\t\t\t\t<\/div>\n\t\t\t\t\t\t<\/div>\n\t\t\t\t<\/div>\n\t\t\t\t\t<\/div>\n\t\t<\/div>\n\t\t\t\t\t<\/div>\n\t\t<\/section>\n\t\t\t\t<section class=\"elementor-section elementor-top-section elementor-element elementor-element-7c37f4a elementor-section-boxed elementor-section-height-default elementor-section-height-default\" data-id=\"7c37f4a\" data-element_type=\"section\" data-e-type=\"section\">\n\t\t\t\t\t\t<div class=\"elementor-container elementor-column-gap-default\">\n\t\t\t\t\t<div class=\"elementor-column elementor-col-100 elementor-top-column elementor-element elementor-element-f8e03f1\" data-id=\"f8e03f1\" data-element_type=\"column\" data-e-type=\"column\">\n\t\t\t<div class=\"elementor-widget-wrap elementor-element-populated\">\n\t\t\t\t\t\t<div class=\"elementor-element elementor-element-fd193ef elementor-widget elementor-widget-spacer\" data-id=\"fd193ef\" data-element_type=\"widget\" data-e-type=\"widget\" data-widget_type=\"spacer.default\">\n\t\t\t\t<div class=\"elementor-widget-container\">\n\t\t\t\t\t\t\t<div class=\"elementor-spacer\">\n\t\t\t<div class=\"elementor-spacer-inner\"><\/div>\n\t\t<\/div>\n\t\t\t\t\t\t<\/div>\n\t\t\t\t<\/div>\n\t\t\t\t\t<\/div>\n\t\t<\/div>\n\t\t\t\t\t<\/div>\n\t\t<\/section>\n\t\t\t\t<section class=\"elementor-section elementor-top-section elementor-element elementor-element-9e980b3 elementor-section-boxed elementor-section-height-default elementor-section-height-default\" data-id=\"9e980b3\" data-element_type=\"section\" data-e-type=\"section\">\n\t\t\t\t\t\t<div class=\"elementor-container elementor-column-gap-default\">\n\t\t\t\t\t<div class=\"elementor-column elementor-col-100 elementor-top-column elementor-element elementor-element-096e32d\" data-id=\"096e32d\" data-element_type=\"column\" data-e-type=\"column\">\n\t\t\t<div class=\"elementor-widget-wrap elementor-element-populated\">\n\t\t\t\t\t\t<div class=\"elementor-element elementor-element-8ab48c3 elementor-align-center elementor-widget elementor-widget-button\" data-id=\"8ab48c3\" data-element_type=\"widget\" data-e-type=\"widget\" data-widget_type=\"button.default\">\n\t\t\t\t<div class=\"elementor-widget-container\">\n\t\t\t\t\t\t\t\t\t<div class=\"elementor-button-wrapper\">\n\t\t\t\t\t<a class=\"elementor-button elementor-button-link elementor-size-md\" href=\"http:\/\/cajubrasil.com\/franquiadigital\/faca-parte\/\">\n\t\t\t\t\t\t<span class=\"elementor-button-content-wrapper\">\n\t\t\t\t\t\t\t\t\t<span class=\"elementor-button-text\">Fa\u00e7a Parte!<\/span>\n\t\t\t\t\t<\/span>\n\t\t\t\t\t<\/a>\n\t\t\t\t<\/div>\n\t\t\t\t\t\t\t\t<\/div>\n\t\t\t\t<\/div>\n\t\t\t\t\t<\/div>\n\t\t<\/div>\n\t\t\t\t\t<\/div>\n\t\t<\/section>\n\t\t\t\t<\/div>\n\t\t","protected":false},"excerpt":{"rendered":"<p>D\u00favidas Frequentes O que \u00e9 a Franquia Digital CAJUBRASIL? A Franquia Digital CAJUBRASIL \u00e9 mais um canal de vendas dispon\u00edvel para os lojistas conquistarem novos clientes e novas vendas. Atrav\u00e9s de uma loja virtual personalizada, com link exclusivo, o lojista poder\u00e1 oferecer ao seu cliente todos os produtos dispon\u00edveis no estoque do site oficial da [&hellip;]<\/p>\n","protected":false},"author":1,"featured_media":0,"parent":0,"menu_order":0,"comment_status":"closed","ping_status":"closed","template":"","meta":{"footnotes":""},"class_list":["post-31","page","type-page","status-publish","hentry"],"yoast_head":"<!-- This site is optimized with the Yoast SEO plugin v25.8 - https:\/\/yoast.com\/wordpress\/plugins\/seo\/ -->\n<title>FAQ - Franquia Digital CAJUBRASIL<\/title>\n<meta name=\"robots\" content=\"index, follow, max-snippet:-1, max-image-preview:large, max-video-preview:-1\" \/>\n<link rel=\"canonical\" href=\"http:\/\/cajubrasil.com\/franquiadigital\/faq\/\" \/>\n<meta property=\"og:locale\" content=\"pt_BR\" \/>\n<meta property=\"og:type\" content=\"article\" \/>\n<meta property=\"og:title\" content=\"FAQ - Franquia Digital CAJUBRASIL\" \/>\n<meta property=\"og:description\" content=\"D\u00favidas Frequentes O que \u00e9 a Franquia Digital CAJUBRASIL? A Franquia Digital CAJUBRASIL \u00e9 mais um canal de vendas dispon\u00edvel para os lojistas conquistarem novos clientes e novas vendas. Atrav\u00e9s de uma loja virtual personalizada, com link exclusivo, o lojista poder\u00e1 oferecer ao seu cliente todos os produtos dispon\u00edveis no estoque do site oficial da [&hellip;]\" \/>\n<meta property=\"og:url\" content=\"http:\/\/cajubrasil.com\/franquiadigital\/faq\/\" \/>\n<meta property=\"og:site_name\" content=\"Franquia Digital CAJUBRASIL\" \/>\n<meta property=\"article:modified_time\" content=\"2020-09-28T20:04:47+00:00\" \/>\n<meta name=\"twitter:card\" content=\"summary_large_image\" \/>\n<meta name=\"twitter:label1\" content=\"Est. tempo de leitura\" \/>\n\t<meta name=\"twitter:data1\" content=\"2 minutos\" \/>\n<script type=\"application\/ld+json\" class=\"yoast-schema-graph\">{\"@context\":\"https:\/\/schema.org\",\"@graph\":[{\"@type\":\"WebPage\",\"@id\":\"http:\/\/cajubrasil.com\/franquiadigital\/faq\/\",\"url\":\"http:\/\/cajubrasil.com\/franquiadigital\/faq\/\",\"name\":\"FAQ - Franquia Digital CAJUBRASIL\",\"isPartOf\":{\"@id\":\"http:\/\/cajubrasil.com\/franquiadigital\/#website\"},\"datePublished\":\"2020-09-22T20:21:33+00:00\",\"dateModified\":\"2020-09-28T20:04:47+00:00\",\"breadcrumb\":{\"@id\":\"http:\/\/cajubrasil.com\/franquiadigital\/faq\/#breadcrumb\"},\"inLanguage\":\"pt-BR\",\"potentialAction\":[{\"@type\":\"ReadAction\",\"target\":[\"http:\/\/cajubrasil.com\/franquiadigital\/faq\/\"]}]},{\"@type\":\"BreadcrumbList\",\"@id\":\"http:\/\/cajubrasil.com\/franquiadigital\/faq\/#breadcrumb\",\"itemListElement\":[{\"@type\":\"ListItem\",\"position\":1,\"name\":\"In\u00edcio\",\"item\":\"http:\/\/cajubrasil.com\/franquiadigital\/\"},{\"@type\":\"ListItem\",\"position\":2,\"name\":\"FAQ\"}]},{\"@type\":\"WebSite\",\"@id\":\"http:\/\/cajubrasil.com\/franquiadigital\/#website\",\"url\":\"http:\/\/cajubrasil.com\/franquiadigital\/\",\"name\":\"Franquia Digital CAJUBRASIL\",\"description\":\"\",\"potentialAction\":[{\"@type\":\"SearchAction\",\"target\":{\"@type\":\"EntryPoint\",\"urlTemplate\":\"http:\/\/cajubrasil.com\/franquiadigital\/?s={search_term_string}\"},\"query-input\":{\"@type\":\"PropertyValueSpecification\",\"valueRequired\":true,\"valueName\":\"search_term_string\"}}],\"inLanguage\":\"pt-BR\"}]}<\/script>\n<!-- \/ Yoast SEO plugin. -->","yoast_head_json":{"title":"FAQ - Franquia Digital CAJUBRASIL","robots":{"index":"index","follow":"follow","max-snippet":"max-snippet:-1","max-image-preview":"max-image-preview:large","max-video-preview":"max-video-preview:-1"},"canonical":"http:\/\/cajubrasil.com\/franquiadigital\/faq\/","og_locale":"pt_BR","og_type":"article","og_title":"FAQ - Franquia Digital CAJUBRASIL","og_description":"D\u00favidas Frequentes O que \u00e9 a Franquia Digital CAJUBRASIL? A Franquia Digital CAJUBRASIL \u00e9 mais um canal de vendas dispon\u00edvel para os lojistas conquistarem novos clientes e novas vendas. Atrav\u00e9s de uma loja virtual personalizada, com link exclusivo, o lojista poder\u00e1 oferecer ao seu cliente todos os produtos dispon\u00edveis no estoque do site oficial da [&hellip;]","og_url":"http:\/\/cajubrasil.com\/franquiadigital\/faq\/","og_site_name":"Franquia Digital CAJUBRASIL","article_modified_time":"2020-09-28T20:04:47+00:00","twitter_card":"summary_large_image","twitter_misc":{"Est. tempo de leitura":"2 minutos"},"schema":{"@context":"https:\/\/schema.org","@graph":[{"@type":"WebPage","@id":"http:\/\/cajubrasil.com\/franquiadigital\/faq\/","url":"http:\/\/cajubrasil.com\/franquiadigital\/faq\/","name":"FAQ - Franquia Digital CAJUBRASIL","isPartOf":{"@id":"http:\/\/cajubrasil.com\/franquiadigital\/#website"},"datePublished":"2020-09-22T20:21:33+00:00","dateModified":"2020-09-28T20:04:47+00:00","breadcrumb":{"@id":"http:\/\/cajubrasil.com\/franquiadigital\/faq\/#breadcrumb"},"inLanguage":"pt-BR","potentialAction":[{"@type":"ReadAction","target":["http:\/\/cajubrasil.com\/franquiadigital\/faq\/"]}]},{"@type":"BreadcrumbList","@id":"http:\/\/cajubrasil.com\/franquiadigital\/faq\/#breadcrumb","itemListElement":[{"@type":"ListItem","position":1,"name":"In\u00edcio","item":"http:\/\/cajubrasil.com\/franquiadigital\/"},{"@type":"ListItem","position":2,"name":"FAQ"}]},{"@type":"WebSite","@id":"http:\/\/cajubrasil.com\/franquiadigital\/#website","url":"http:\/\/cajubrasil.com\/franquiadigital\/","name":"Franquia Digital CAJUBRASIL","description":"","potentialAction":[{"@type":"SearchAction","target":{"@type":"EntryPoint","urlTemplate":"http:\/\/cajubrasil.com\/franquiadigital\/?s={search_term_string}"},"query-input":{"@type":"PropertyValueSpecification","valueRequired":true,"valueName":"search_term_string"}}],"inLanguage":"pt-BR"}]}},"_links":{"self":[{"href":"http:\/\/cajubrasil.com\/franquiadigital\/wp-json\/wp\/v2\/pages\/31","targetHints":{"allow":["GET"]}}],"collection":[{"href":"http:\/\/cajubrasil.com\/franquiadigital\/wp-json\/wp\/v2\/pages"}],"about":[{"href":"http:\/\/cajubrasil.com\/franquiadigital\/wp-json\/wp\/v2\/types\/page"}],"author":[{"embeddable":true,"href":"http:\/\/cajubrasil.com\/franquiadigital\/wp-json\/wp\/v2\/users\/1"}],"replies":[{"embeddable":true,"href":"http:\/\/cajubrasil.com\/franquiadigital\/wp-json\/wp\/v2\/comments?post=31"}],"version-history":[{"count":6,"href":"http:\/\/cajubrasil.com\/franquiadigital\/wp-json\/wp\/v2\/pages\/31\/revisions"}],"predecessor-version":[{"id":114,"href":"http:\/\/cajubrasil.com\/franquiadigital\/wp-json\/wp\/v2\/pages\/31\/revisions\/114"}],"wp:attachment":[{"href":"http:\/\/cajubrasil.com\/franquiadigital\/wp-json\/wp\/v2\/media?parent=31"}],"curies":[{"name":"wp","href":"https:\/\/api.w.org\/{rel}","templated":true}]}}